92
Let o(g) = 11356*g**3 - 15*g**2 + 20*g - 4. Calculate the remainder when o(1) is divided by 80.
77
Suppose 2*s + 3*y = -y + 140, -232 = -4*s - 2*y. What is the remainder when 266 is divided by s?
50
Suppose -v + 8*m + 738 = 10*m, 4*v - 2952 = -5*m. Calculate the remainder when v is divided by 19.
16
Suppose -6*a + 4198 = 4*l, 0 = -4*l - a + 2206 + 1967. What is the remainder when l is divided by 55?
52
Let t(n) = -8*n - 16. Let h be t(-7). What is the remainder when -22 + 17 + 96 + 0 is divided by (36/(-15))/((-4)/h)?
19
Suppose 0 = 3*h + 4*q - 7, 3*h - 30*q - 13 = -31*q. Suppose -14*g + 11*g = 5*d - 155, -h*g - 3*d + 285 = 0. Calculate the remainder when 234 is divided by g.
54
Let j(l) = 260*l + 2. Let k be j(1). Let g = 293 - k. What is the remainder when 123 is divided by g?
30
Let t = -551 + 697. Let g = 164 - t. Calculate the remainder when g is divided by 1.
0
Suppose -7*n = -17 + 59. Let h = 21 + n. Let q(w) = -w**2 + 26*w + 47. Calculate the remainder when q(25) is divided by h.
12
Suppose -1 = u - 1. Suppose -7*d + 168 + 203 = u. Let o(l) = l**2 + l - 3. Calculate the remainder when d is divided by o(5).
26
Suppose -w - 60 = -6*w. Suppose -3*s + 3*c + 9 = -w, -25 = -3*s + 4*c. What is the remainder when 62 is divided by 17 - (36/3)/s?
10
Let q = 6 - 3. Let m = 1269 - 1259. Calculate the remainder when ((-6)/4)/(q/(-34)) is divided by m.
7
Suppose 43*p = 42*p + 34. Suppose 875 = 5*d + 2*d. What is the remainder when d is divided by p?
23
Let f = -67 - -111. Let g(k) = k**2 + 6. Let z(d) = -3*d**2 + d - 19. Let j(x) = -11*g(x) - 4*z(x). Calculate the remainder when f is divided by j(5).
14
Let m = 7 - 3. Let b = 7 - m. Calculate the remainder when 1 - (42/112 - (-147)/(-8)) is divided by b.
1
Calculate the remainder when (-8 + (-180)/(-24))/(1/(-6020)) is divided by 12.
10
What is the remainder when (-5)/(-5) + (-11)/(121/(-539)) is divided by (-16)/(-20)*(-30)/(-4)?
2
Suppose 5*r - 142 = -3*j, 4*j - 32*r = -36*r + 208. Calculate the remainder when 1586 is divided by j.
52
Let q(o) = 6*o**2 + 4*o + 1. Let t = -230 + 138. Let u = t - -118. Calculate the remainder when q(-3) is divided by u.
17
Let y = -721 + 767. Let v be -24*(20/3)/5. Let h = y + v. Calculate the remainder when 29 is divided by h.
1
Suppose -20243*b + 20222*b + 3591 = 0. Calculate the remainder when 3246 is divided by b.
168
Suppose 5*p + 1938 = -4*w, -2*w - 968 = -0*w + 3*p. Let u = 559 + w. What is the remainder when u is divided by 37?
35
Suppose 59*x + 1699 = 64*x - u, -u = -3*x + 1019. What is the remainder when x is divided by 114?
112
Suppose 9*a - 11*a = -5*v + 55, -2*v + 28 = -2*a. Let q(y) = y**3 - 9*y**2 + 2*y - 2. What is the remainder when 61 is divided by q(v)?
13
Calculate the remainder when (-65922)/(-222) - 54/(-999) is divided by 28.
17
Suppose 4*u - 1 - 7 = 0. Suppose -i + u + 8 = 0. Let y = 29 - i. What is the remainder when y is divided by 10?
9
Let r(o) = -4*o - 20. Let w be r(6). Let b = 54 + w. Suppose 5*q = -b, -5*q + 2 = -l + 17. Calculate the remainder when 43 is divided by l.
3
Let x(c) = -58*c + 401. Calculate the remainder when 163 is divided by x(6).
4
Suppose y - 12 = -7. Suppose 0 = -p - 4, y*g + 3*p = 86 + 92. Suppose 54 = 4*b + g. What is the remainder when 31 is divided by b?
3
Suppose 6 = 7*o - 43. Suppose 14 = -3*g + t + 43, 3*t = g - o. Let k = 12 + -4. What is the remainder when g is divided by k?
2
Let f(i) = -i**2 - 13*i + 12. Suppose -4*v - 1242 = -2*c, 27*c - 4*v + 633 = 28*c. Calculate the remainder when c is divided by f(-10).
37
Let l(x) = x**3 + 24*x**2 - 24*x + 107. Let p be l(-25). Suppose -3*c = 3*a - 90, -5*c + p = 2*a + a. What is the remainder when 304 is divided by a?
32
Let c(j) = -2*j**3 + 13*j**2 + 26*j + 2. Suppose r - 6*r = 5. Calculate the remainder when ((-6)/(-4))/(r/(-58)) is divided by c(-2).
15
Let x = 38 - 26. Suppose -i + x*i = 0. What is the remainder when 4 + 47 - (i + 3) is divided by 25?
23
Let n(o) = 25*o - 1118. Suppose 5*z = -f - 2, -6 = -2*f - 6*z + z. Calculate the remainder when 2*(-92)/f*-2 is divided by n(45).
4
Suppose 0 = -4*y + 6*y - 70. Let l be 6*((-16)/6)/(-4)*26. Suppose -l = 10*s - 11*s. Calculate the remainder when s is divided by y.
34
Let b(a) = -15*a**3 + 7*a**2 + 21*a - 7. What is the remainder when b(-3) is divided by 105?
83
Let m be 5/((-25)/10) - 0. Let b be (0 + 1)/(((-8)/m)/(-4)). What is the remainder when 94 + (b + -2 - -6) is divided by 20?
17
Let b(i) = -17*i + 446. Let q(c) = -c**2 + 8*c + 29. What is the remainder when q(0) is divided by b(26)?
1
Suppose 409*z = 416*z - 2576. Let y = -299 + z. Calculate the remainder when y is divided by 57.
12
Let s = 1603 + -1444. Let a = 25 + -27. What is the remainder when s is divided by (23 - -1)*a/(-3)?
15
Suppose -23*y = 70*y - 477276. Calculate the remainder when y is divided by 59.
58
What is the remainder when ((-1605)/6)/(-5)*(-8 + 10) is divided by 12?
11
Let q = -6234 - -8152. Calculate the remainder when q is divided by 160.
158
Let b be 1/(-4) + 6180/80. Suppose -b*m = -73*m. Suppose -6*o - 44 + 176 = m. What is the remainder when 61 is divided by o?
17
Suppose 0 = 5*b - 3*b - 166. Suppose -117 = -5*l - i, -22 = -5*l - 5*i + b. Calculate the remainder when ((-1)/2)/((-4)/928) is divided by l.
20
Let i = 4292 - 4242. Calculate the remainder when 2849 is divided by i.
49
Suppose 1015*b = 1017*b - 850. What is the remainder when b is divided by 88?
73
Let b(h) = h**3 + 7*h**2 - 21*h - 81. What is the remainder when 165 is divided by b(-7)?
33
Let f = 73 + -69. Let a be f/3*(1 - (3 - 5)). Calculate the remainder when (-7 + a)*-43*3/9 is divided by 5.
3
Suppose 2*v - 34 = 18. Let s = 83612 - 83609. Calculate the remainder when v is divided by s.
2
Let p(n) be the first derivative of -n**4/4 - n**2/2 + 43*n + 74. What is the remainder when 156 is divided by p(0)?
27
Let f(u) = -3*u**3 + 17*u**2 + 10*u + 15. Calculate the remainder when 1947 is divided by f(6).
36
Let p = 453 + -899. Let t = -433 - p. What is the remainder when 674 is divided by t?
11
Let i = -870 - -423. Let a = i - -498. What is the remainder when 195 is divided by a?
42
Calculate the remainder when (-112)/80*-1 - (-3465)/25 is divided by 68.
4
Let w be 2*9*1/6. Suppose 2*t = -w*s - 0*s + 19, -4*s + t = -18. What is the remainder when ((-142)/4)/(s - (-11)/(-2)) is divided by 25?
21
What is the remainder when 10*(102/(-4))/(-785 + 784) is divided by 4/10 - 318/(-5)?
63
Suppose 3*m + 2*x = -2*x + 1566, -7*m - 3*x + 3635 = 0. Calculate the remainder when m is divided by 62.
22
Let a = 213 - 210. Suppose a*k - 2*s = -2*k + 39, -2*s - 21 = -3*k. Calculate the remainder when -1 - 0 - 9*-2 is divided by k.
8
Calculate the remainder when 126/(-54) + (-1268)/(-6) is divided by 34.
5
Let z(o) = -34*o - 5. Let q be z(-5). Suppose 4*h - 12 = -3*l + q, -2*h = 2*l - 120. What is the remainder when l is divided by 40?
23
Suppose 4*w + 4*s - 76 = 0, -2*s = 4*w - 4*s - 70. Suppose w + 14 = g. What is the remainder when 105 is divided by g?
9
Let a = -236 - -246. Calculate the remainder when ((-6)/a)/(59/(-20355)) is divided by 6.
3
Let r(u) = 43*u**3 - 2*u**2 - 6*u + 8. Let w be r(2). Let s = -325 + w. What is the remainder when 26 is divided by s?
5
Let b be (11 - 0 - 1)/(9/288). Suppose -14*q + 9*q + b = 0. Suppose -4*f + 6*k - 4*k + 72 = 0, q = 4*f - 4*k. Calculate the remainder when 34 is divided by f.
14
Calculate the remainder when (-155)/(-1) + -2 + 3 is divided by -9 - (-45)/10*(12 - -2).
48
Let s(x) = -10*x**3 + 6*x**2 + 8*x + 3. What is the remainder when s(-1) is divided by 8?
3
Calculate the remainder when (147/14 - 6)*99034/39 is divided by 10.
7
Suppose -j - 2*u = -18, 30*j - 27*j - 4*u - 14 = 0. Calculate the remainder when 356/6 - (-8)/(-24) is divided by j.
9
What is the remainder when ((-870)/(-522))/(0 - 15/(-2322)) is divided by 70?
48
Suppose 4*n - 31 - 233 = 0. Let r = n - 67. What is the remainder when 8 is divided by (-9 - -7)/((-1)/(-3)*r)?
2
Suppose -5*q - 4*m + 2*m = -65, 3*q - 4*m - 39 = 0. Let c = 0 + 14. Suppose k = -k + c. Calculate the remainder when q is divided by k.
6
Suppose -2*t - 8*t + 10764 = 3*t. Calculate the remainder when t is divided by 35.
23
Let m(s) = 61*s**3 - 3*s**2 + 9*s - 7. Let g be m(1). Suppose -3*n + 111 = -g